{"id":704,"date":"2013-03-23T13:05:30","date_gmt":"2013-03-23T13:05:30","guid":{"rendered":"http:\/\/themenectar.com\/demo\/salient\/?page_id=20"},"modified":"2025-10-06T20:22:08","modified_gmt":"2025-10-06T20:22:08","slug":"about-the-team","status":"publish","type":"page","link":"http:\/\/federicolamas.com.ar\/?page_id=704","title":{"rendered":"Bio"},"content":{"rendered":"[vc_row type=&#8221;in_container&#8221; full_screen_row_position=&#8221;middle&#8221; scene_position=&#8221;center&#8221; text_color=&#8221;dark&#8221; text_align=&#8221;left&#8221; overlay_strength=&#8221;0.3&#8243;][vc_column column_padding=&#8221;no-extra-padding&#8221; column_padding_position=&#8221;all&#8221; background_color_opacity=&#8221;1&#8243; background_hover_color_opacity=&#8221;1&#8243; column_shadow=&#8221;none&#8221; width=&#8221;1\/1&#8243; tablet_text_alignment=&#8221;default&#8221; phone_text_alignment=&#8221;default&#8221; column_border_width=&#8221;none&#8221; column_border_style=&#8221;solid&#8221;]<div class=\"divider-wrap\"><div style=\"height: 5px;\" class=\"divider\"><\/div><\/div>[\/vc_column][\/vc_row][vc_row type=&#8221;full_width_background&#8221; full_screen_row_position=&#8221;middle&#8221; scene_position=&#8221;center&#8221; text_color=&#8221;dark&#8221; text_align=&#8221;left&#8221; top_padding=&#8221;0&#8243; bottom_padding=&#8221;60&#8243; overlay_strength=&#8221;0.3&#8243;][vc_column column_padding=&#8221;no-extra-padding&#8221; column_padding_position=&#8221;all&#8221; background_color_opacity=&#8221;1&#8243; background_hover_color_opacity=&#8221;1&#8243; column_shadow=&#8221;none&#8221; width=&#8221;1\/4&#8243; tablet_text_alignment=&#8221;default&#8221; phone_text_alignment=&#8221;default&#8221; column_border_width=&#8221;none&#8221; column_border_style=&#8221;solid&#8221;]<div class=\"team-member\" data-style=\"meta_below\"><img decoding=\"async\" alt=\"\" src=\"http:\/\/federicolamas.com.ar\/wp\/wp-content\/uploads\/2020\/11\/Federico_Lamas_loop_gif______.gif\" title=\"Federico Lamas\" \/><h4 class=\"light\">Federico Lamas<\/h4><div class=\"position\">Dise\u00f1ador de Imagen y Sonido, videasta, ilustrador y VJ.<\/div><p class=\"description\"><\/p><ul class=\"social accent-color\"><li><a target=\"_blank\" href=' http:\/\/www.instagram.com\/federicolamas'>Instagram<\/a><\/li><li><a target=\"_blank\" href=' http:\/\/facebook.com\/federicolamas'> Facebook<\/a><\/li><li><a target=\"_blank\" href=' http:\/\/twitter.com\/federico_lamas'> Twitter<\/a><\/li><li><a target=\"_blank\" href=' http:\/\/www.vimeo.com\/federicolamas'> Vimeo<\/a><\/li><\/ul><\/div>[\/vc_column][vc_column column_padding=&#8221;no-extra-padding&#8221; column_padding_position=&#8221;all&#8221; background_color_opacity=&#8221;1&#8243; background_hover_color_opacity=&#8221;1&#8243; column_shadow=&#8221;none&#8221; width=&#8221;3\/4&#8243; tablet_text_alignment=&#8221;default&#8221; phone_text_alignment=&#8221;default&#8221; column_border_width=&#8221;none&#8221; column_border_style=&#8221;solid&#8221;][tabbed_section style=&#8221;default&#8221; alignment=&#8221;left&#8221; el_class=&#8221;Espa\u00f1ol&#8221;][tab title=&#8221;Espa\u00f1ol&#8221; id=&#8221;1412377847795-4&#8243; tab_id=&#8221;1510922804427-5&#8243;][vc_column_text]\n<h2>Acerca de&#8230;<\/h2>\n<p class=\"p1\">Federico Lamas (Buenos Aires, 1979) es un artista visual independiente. Dise\u00f1ador de Imagen y Sonido de FADU-UBA. Realiz\u00f3 residencias en Hannover , S\u00e3o Paulo , M\u00e9xico DF , Santa Cruz de la Sierra y Qu\u00e9bec City. Entre 2019 y 2025 exhibi\u00f3 en Argentina, Mexico, Brasil, Canad\u00e1, Portugal, Alemania y Noruega.<span class=\"Apple-converted-space\">\u00a0<\/span><\/p>\n<p class=\"p1\">Con sus videos experimentales e instalaciones particip\u00f3 5 veces del festival VIDEOBRASIL en S\u00e3o Paulo, donde gano en 2 oportunidades. Sus VJ sets tambi\u00e9n se presentan en Museos, Galer\u00edas y Festivales, destacando: MUTEK Argentina, MAMBA, Bienal de Arte Joven, B23 Berlin, Salon Los Angeles Mexico, ArtLab Buenos Aires, Casa Plana Sao Paulo, Festival Tremor Azores, Oi Flamingo Rio de Janeiro, o FIFA Montreal.<\/p>\n<p>Su proyecto en constante expansi\u00f3n es Vision Infernal, en donde las ilustraciones y animaciones permiten develar por medio de un visor rojo, otra escena escondida. Con este proyecto gan\u00f3 en ArteBA con su exhibici\u00f3n en Barrio Joven, se editaron libros, exhibiciones, serigraf\u00edas y murales alrededor del mundo destacando: LUSTR Praga, Gran Salon Mexico, Museo Nacional del Grabado, Museo del Norte, A Bolha editora, DRAWING ROOM Lisboa, RV Galeria en Salvador de Bahia, Flekkefjord Museum, N\u00f3mada Madrid y mucho m\u00e1s.<\/p>\n<p>Tambi\u00e9n colabora con la escena teatral como dise\u00f1ador de video en obras del Teatro Nacional Cervantes , Teatro Gral San Mart\u00edn,<span class=\"Apple-converted-space\">\u00a0 <\/span>en el teatro Col\u00f3n, o en el CETC del mismo dirigi\u00f3 el monodrama \u201cThe Raven\u201d, donde tambi\u00e9n hizo el dise\u00f1o de video y proyecciones.<span class=\"Apple-converted-space\">\u00a0<\/span><\/p>\n<p class=\"p2\">Sus video-publicaciones, ilustraciones, serigraf\u00edas, originales y libros est\u00e1n disponibles en tiendas alrededor del mundo o en sus redes.<\/p>\n<p class=\"p2\">En Junio de 2024 este a\u00f1o estren\u00f3 en la Bienal<span class=\"Apple-converted-space\">\u00a0 <\/span>de Orebro en Suecia una nueva instalaci\u00f3n de Visi\u00f3n Infernal en coincidencia con el 15 aniversario del proyecto. En 205 particip\u00f3 de ARTOWN NOW Rumania en la ciudad de Ploiesti.<\/p>\n[\/vc_column_text][\/tab][tab title=&#8221;English&#8221; id=&#8221;1412377847859-6&#8243; tab_id=&#8221;1604530125180-1&#8243;][vc_column_text]\n<h2>About&#8230;<\/h2>\n<p class=\"p1\">Federico Lamas is a visual artist who works with installations, video art, VJ sets or theater plays. But his outstanding work and in constant expansion since 2008 is Hellish Vision, an illustration project with an optical effect through which, with the help of a red viewer, we can access another hidden reality.<span class=\"Apple-converted-space\">\u00a0<\/span><\/p>\n<p class=\"p1\">Visi\u00f3n Infernal \/ Hellish Vision is an inseparable concept and technique that works as a tool to build an honest look at everyday issues. The duality of the illustrations makes it possible to oppose or amplify meanings and definitions of themes rooted in society. It is part of the fun to put some of these two-part concepts in crisis. The control of the navigation is always with the audience and the possible meaning as well. Each image has a hidden scene that can only be revealed with the viewer, an image that contrasts and dialogues with the one we see at first sight, generating an playful interaction with some reflection.<span class=\"Apple-converted-space\">\u00a0<\/span><\/p>\n<p class=\"p1\">He published books and<span class=\"Apple-converted-space\">\u00a0 <\/span>prints with Visi\u00f3n Infernal but he also has used this system to apply it to record covers, murals, wine and perfume labels and has had exhibitions in different parts of the world.<\/p>\n<p>In the last years \u201cVisi\u00f3n Infernal\u201d has several exhibitions highlighting : ARTOW NON Rumania at the city of Ploiesti, OPENART Orebro Bienal in Sweden; Graphic museum in Buenos Aires, B23 Gallery in Berlin, Casa Plana in Sao Paulo, Brasil ; Drawing Room Lisboa; La Bande Gallery in Quebec, Canada; Gran Salon Mexico and many more.<\/p>\n<p>As video artist he participated in several Festivals and Residences programes suchs as : Videobrasl Bienal ( being part of the competition 5 times and wining 2); Kiosko Gallery in Santa Cruz de la Sierra, Bolivia; Up and Coming Hannover, Germany; MUTEK festival, Tremor Festival at Azores Island, Multiplicidade Fest in Rio de Janeiro, LES INSTANTS Festival D\u2019Art Marseille, France; Simultan Festival, Rumania, Turku Video Art in Finland among others.<\/p>\n[\/vc_column_text][\/tab][\/tabbed_section][\/vc_column][\/vc_row][vc_row type=&#8221;in_container&#8221; full_screen_row_position=&#8221;middle&#8221; scene_position=&#8221;center&#8221; text_color=&#8221;dark&#8221; text_align=&#8221;left&#8221; overlay_strength=&#8221;0.3&#8243;][vc_column column_padding=&#8221;no-extra-padding&#8221; column_padding_position=&#8221;all&#8221; background_color_opacity=&#8221;1&#8243; background_hover_color_opacity=&#8221;1&#8243; column_shadow=&#8221;none&#8221; width=&#8221;1\/1&#8243; tablet_text_alignment=&#8221;default&#8221; phone_text_alignment=&#8221;default&#8221; column_border_width=&#8221;none&#8221; column_border_style=&#8221;solid&#8221;]<div class=\"nectar-social  hide-share-count items_2\"><a class='facebook-share nectar-sharing' href='#' title='Share this'> <i class='fa fa-facebook'><\/i> <span class='count'><\/span><\/a><a class='twitter-share nectar-sharing' href='#' title='Tweet this'> <i class='fa fa-twitter'><\/i> <span class='count'><\/span><\/a><\/div>[\/vc_column][\/vc_row]\n","protected":false},"excerpt":{"rendered":"<p>[vc_row type=&#8221;in_container&#8221; full_screen_row_position=&#8221;middle&#8221; scene_position=&#8221;center&#8221; text_color=&#8221;dark&#8221; text_align=&#8221;left&#8221; overlay_strength=&#8221;0.3&#8243;][vc_column column_padding=&#8221;no-extra-padding&#8221; column_padding_position=&#8221;all&#8221; background_color_opacity=&#8221;1&#8243; background_hover_color_opacity=&#8221;1&#8243; column_shadow=&#8221;none&#8221; width=&#8221;1\/1&#8243; tablet_text_alignment=&#8221;default&#8221; phone_text_alignment=&#8221;default&#8221; column_border_width=&#8221;none&#8221; column_border_style=&#8221;solid&#8221;][\/vc_column][\/vc_row][vc_row type=&#8221;full_width_background&#8221; full_screen_row_position=&#8221;middle&#8221; scene_position=&#8221;center&#8221; text_color=&#8221;dark&#8221; text_align=&#8221;left&#8221; top_padding=&#8221;0&#8243; bottom_padding=&#8221;60&#8243; overlay_strength=&#8221;0.3&#8243;][vc_column column_padding=&#8221;no-extra-padding&#8221; column_padding_position=&#8221;all&#8221; background_color_opacity=&#8221;1&#8243; background_hover_color_opacity=&#8221;1&#8243; column_shadow=&#8221;none&#8221;&#8230;<\/p>\n","protected":false},"author":1,"featured_media":0,"parent":0,"menu_order":5,"comment_status":"open","ping_status":"open","template":"","meta":{"footnotes":""},"class_list":["post-704","page","type-page","status-publish","hentry"],"_links":{"self":[{"href":"http:\/\/federicolamas.com.ar\/index.php?rest_route=\/wp\/v2\/pages\/704","targetHints":{"allow":["GET"]}}],"collection":[{"href":"http:\/\/federicolamas.com.ar\/index.php?rest_route=\/wp\/v2\/pages"}],"about":[{"href":"http:\/\/federicolamas.com.ar\/index.php?rest_route=\/wp\/v2\/types\/page"}],"author":[{"embeddable":true,"href":"http:\/\/federicolamas.com.ar\/index.php?rest_route=\/wp\/v2\/users\/1"}],"replies":[{"embeddable":true,"href":"http:\/\/federicolamas.com.ar\/index.php?rest_route=%2Fwp%2Fv2%2Fcomments&post=704"}],"version-history":[{"count":23,"href":"http:\/\/federicolamas.com.ar\/index.php?rest_route=\/wp\/v2\/pages\/704\/revisions"}],"predecessor-version":[{"id":2634,"href":"http:\/\/federicolamas.com.ar\/index.php?rest_route=\/wp\/v2\/pages\/704\/revisions\/2634"}],"wp:attachment":[{"href":"http:\/\/federicolamas.com.ar\/index.php?rest_route=%2Fwp%2Fv2%2Fmedia&parent=704"}],"curies":[{"name":"wp","href":"https:\/\/api.w.org\/{rel}","templated":true}]}}

[vc_row type=&#8221;in_container&#8221; full_screen_row_position=&#8221;middle&#8221; scene_position=&#8221;center&#8221; text_color=&#8221;dark&#8221; text_align=&#8221;left&#8221; overlay_strength=&#8221;0.3&#8243;][vc_column column_padding=&#8221;no-extra-padding&#8221; column_padding_position=&#8221;all&#8221; background_color_opacity=&#8221;1&#8243; background_hover_color_opacity=&#8221;1&#8243; column_shadow=&#8221;none&#8221; width=&#8221;1/1&#8243; tablet_text_alignment=&#8221;default&#8221; phone_text_alignment=&#8221;default&#8221; column_border_width=&#8221;none&#8221; column_border_style=&#8221;solid&#8221;]<div class="divider-wrap"><div style="height: 5px;" class="divider"></div></div>[/vc_column][/vc_row][vc_row type=&#8221;full_width_background&#8221; full_screen_row_position=&#8221;middle&#8221; scene_position=&#8221;center&#8221; text_color=&#8221;dark&#8221; text_align=&#8221;left&#8221; top_padding=&#8221;0&#8243; bottom_padding=&#8221;60&#8243; overlay_strength=&#8221;0.3&#8243;][vc_column column_padding=&#8221;no-extra-padding&#8221; column_padding_position=&#8221;all&#8221; background_color_opacity=&#8221;1&#8243; background_hover_color_opacity=&#8221;1&#8243; column_shadow=&#8221;none&#8221; width=&#8221;1/4&#8243; tablet_text_alignment=&#8221;default&#8221; phone_text_alignment=&#8221;default&#8221; column_border_width=&#8221;none&#8221; column_border_style=&#8221;solid&#8221;]<div class="team-member" data-style="meta_below"><img decoding="async" alt="" src="http://federicolamas.com.ar/wp/wp-content/uploads/2020/11/Federico_Lamas_loop_gif______.gif" title="Federico Lamas" /><h4 class="light">Federico Lamas</h4><div class="position">Diseñador de Imagen y Sonido, videasta, ilustrador y VJ.</div><p class="description"></p><ul class="social accent-color"><li><a target="_blank" href=' http://www.instagram.com/federicolamas'>Instagram</a></li><li><a target="_blank" href=' http://facebook.com/federicolamas'> Facebook</a></li><li><a target="_blank" href=' http://twitter.com/federico_lamas'> Twitter</a></li><li><a target="_blank" href=' http://www.vimeo.com/federicolamas'> Vimeo</a></li></ul></div>[/vc_column][vc_column column_padding=&#8221;no-extra-padding&#8221; column_padding_position=&#8221;all&#8221; background_color_opacity=&#8221;1&#8243; background_hover_color_opacity=&#8221;1&#8243; column_shadow=&#8221;none&#8221; width=&#8221;3/4&#8243; tablet_text_alignment=&#8221;default&#8221; phone_text_alignment=&#8221;default&#8221; column_border_width=&#8221;none&#8221; column_border_style=&#8221;solid&#8221;][tabbed_section style=&#8221;default&#8221; alignment=&#8221;left&#8221; el_class=&#8221;Español&#8221;][tab title=&#8221;Español&#8221; id=&#8221;1412377847795-4&#8243; tab_id=&#8221;1510922804427-5&#8243;][vc_column_text]
<h2>Acerca de&#8230;</h2>
<p class="p1">Federico Lamas (Buenos Aires, 1979) es un artista visual independiente. Diseñador de Imagen y Sonido de FADU-UBA. Realizó residencias en Hannover , São Paulo , México DF , Santa Cruz de la Sierra y Québec City. Entre 2019 y 2025 exhibió en Argentina, Mexico, Brasil, Canadá, Portugal, Alemania y Noruega.<span class="Apple-converted-space"> </span></p>
<p class="p1">Con sus videos experimentales e instalaciones participó 5 veces del festival VIDEOBRASIL en São Paulo, donde gano en 2 oportunidades. Sus VJ sets también se presentan en Museos, Galerías y Festivales, destacando: MUTEK Argentina, MAMBA, Bienal de Arte Joven, B23 Berlin, Salon Los Angeles Mexico, ArtLab Buenos Aires, Casa Plana Sao Paulo, Festival Tremor Azores, Oi Flamingo Rio de Janeiro, o FIFA Montreal.</p>
<p>Su proyecto en constante expansión es Vision Infernal, en donde las ilustraciones y animaciones permiten develar por medio de un visor rojo, otra escena escondida. Con este proyecto ganó en ArteBA con su exhibición en Barrio Joven, se editaron libros, exhibiciones, serigrafías y murales alrededor del mundo destacando: LUSTR Praga, Gran Salon Mexico, Museo Nacional del Grabado, Museo del Norte, A Bolha editora, DRAWING ROOM Lisboa, RV Galeria en Salvador de Bahia, Flekkefjord Museum, Nómada Madrid y mucho más.</p>
<p>También colabora con la escena teatral como diseñador de video en obras del Teatro Nacional Cervantes , Teatro Gral San Martín,<span class="Apple-converted-space">  </span>en el teatro Colón, o en el CETC del mismo dirigió el monodrama “The Raven”, donde también hizo el diseño de video y proyecciones.<span class="Apple-converted-space"> </span></p>
<p class="p2">Sus video-publicaciones, ilustraciones, serigrafías, originales y libros están disponibles en tiendas alrededor del mundo o en sus redes.</p>
<p class="p2">En Junio de 2024 este año estrenó en la Bienal<span class="Apple-converted-space">  </span>de Orebro en Suecia una nueva instalación de Visión Infernal en coincidencia con el 15 aniversario del proyecto. En 205 participó de ARTOWN NOW Rumania en la ciudad de Ploiesti.</p>
[/vc_column_text][/tab][tab title=&#8221;English&#8221; id=&#8221;1412377847859-6&#8243; tab_id=&#8221;1604530125180-1&#8243;][vc_column_text]
<h2>About&#8230;</h2>
<p class="p1">Federico Lamas is a visual artist who works with installations, video art, VJ sets or theater plays. But his outstanding work and in constant expansion since 2008 is Hellish Vision, an illustration project with an optical effect through which, with the help of a red viewer, we can access another hidden reality.<span class="Apple-converted-space"> </span></p>
<p class="p1">Visión Infernal / Hellish Vision is an inseparable concept and technique that works as a tool to build an honest look at everyday issues. The duality of the illustrations makes it possible to oppose or amplify meanings and definitions of themes rooted in society. It is part of the fun to put some of these two-part concepts in crisis. The control of the navigation is always with the audience and the possible meaning as well. Each image has a hidden scene that can only be revealed with the viewer, an image that contrasts and dialogues with the one we see at first sight, generating an playful interaction with some reflection.<span class="Apple-converted-space"> </span></p>
<p class="p1">He published books and<span class="Apple-converted-space">  </span>prints with Visión Infernal but he also has used this system to apply it to record covers, murals, wine and perfume labels and has had exhibitions in different parts of the world.</p>
<p>In the last years “Visión Infernal” has several exhibitions highlighting : ARTOW NON Rumania at the city of Ploiesti, OPENART Orebro Bienal in Sweden; Graphic museum in Buenos Aires, B23 Gallery in Berlin, Casa Plana in Sao Paulo, Brasil ; Drawing Room Lisboa; La Bande Gallery in Quebec, Canada; Gran Salon Mexico and many more.</p>
<p>As video artist he participated in several Festivals and Residences programes suchs as : Videobrasl Bienal ( being part of the competition 5 times and wining 2); Kiosko Gallery in Santa Cruz de la Sierra, Bolivia; Up and Coming Hannover, Germany; MUTEK festival, Tremor Festival at Azores Island, Multiplicidade Fest in Rio de Janeiro, LES INSTANTS Festival D’Art Marseille, France; Simultan Festival, Rumania, Turku Video Art in Finland among others.</p>
[/vc_column_text][/tab][/tabbed_section][/vc_column][/vc_row][vc_row type=&#8221;in_container&#8221; full_screen_row_position=&#8221;middle&#8221; scene_position=&#8221;center&#8221; text_color=&#8221;dark&#8221; text_align=&#8221;left&#8221; overlay_strength=&#8221;0.3&#8243;][vc_column column_padding=&#8221;no-extra-padding&#8221; column_padding_position=&#8221;all&#8221; background_color_opacity=&#8221;1&#8243; background_hover_color_opacity=&#8221;1&#8243; column_shadow=&#8221;none&#8221; width=&#8221;1/1&#8243; tablet_text_alignment=&#8221;default&#8221; phone_text_alignment=&#8221;default&#8221; column_border_width=&#8221;none&#8221; column_border_style=&#8221;solid&#8221;]<div class="nectar-social  hide-share-count items_2"><a class='facebook-share nectar-sharing' href='#' title='Share this'> <i class='fa fa-facebook'></i> <span class='count'></span></a><a class='twitter-share nectar-sharing' href='#' title='Tweet this'> <i class='fa fa-twitter'></i> <span class='count'></span></a></div>[/vc_column][/vc_row]
